4)?
23
Let z(a) = -5*a**2 + 1826*a - 7292. What is z(4)?
-68
Let v(i) = 4*i**2 - 148*i + 886. Calculate v(8).
-42
Let y(q) = 1721*q + 13818. Determine y(-8).
50
Let g(k) = -6*k**3 + 4384*k**2 + 1523*k - 44597. Calculate g(731).
-6
Let b(j) = 8*j**2 - 1654*j - 453. Calculate b(207).
-39
Let x(v) = 37189*v - 6396522. Calculate x(172).
-14
Let s(n) = -1127*n + 114332. What is s(102)?
-622
Let p(s) = 3*s**3 + 117*s**2 + 72*s + 76. Calculate p(-38).
1672
Let n(b) = 2*b**2 - 571*b + 29783. What is n(70)?
-387
Let q(p) = -28*p + 6411. What is q(229)?
-1
Let i(q) = 2*q**3 + 43*q**2 - 96*q + 87. Give i(-23).
708
Let g(a) = -5*a**3 + 128*a**2 + 68*a - 349. Give g(26).
67
Let y(v) = 258*v + 9271. What is y(-38)?
-533
Let q(x) = -x**2 - 63*x - 817. What is q(-47)?
-65
Let j(v) = -3*v**2 + 469*v + 1269. Calculate j(159).
-3
Let k(h) = -h**3 + 403*h**2 - 40607*h + 1498. What is k(203)?
77
Let d(m) = -m**3 - 8*m**2 + 18849*m + 150787. What is d(-8)?
-5
Let i(c) = 4*c**2 - 27*c - 10139. Give i(-47).
-34
Let z(k) = 8012*k + 112171. What is z(-14)?
3
Let a(g) = 131155*g - 1311555. Determine a(10).
-5
Let w(l) = 105391*l - 210648. Calculate w(2).
134
Let b(z) = 911643*z - 11851357. Give b(13).
2
Let r(l) = -2*l**2 - 6707*l + 292111. Calculate r(43).
12
Let p(i) = i**2 + 614*i + 3090. Calculate p(-5).
45
Let l(r) = 2*r**3 - 307*r**2 + 1048*r + 548. What is l(150)?
248
Let u(i) = -i**2 - 1426*i - 94951. Determine u(-70).
-31
Let m(z) = -5*z**2 - 5*z + 87. Give m(8).
-273
Let y(n) = -n**3 + 19*n**2 + 221*n - 1016. Determine y(26).
-2
Let p(v) = -2*v**3 - 38*v**2 + 536*v + 149. Determine p(-27).
-2659
Let a(r) = -4513*r - 157955. What is a(-35)?
0
Let z(k) = 3*k**3 - 17*k**2 + 73*k - 210. What is z(4)?
2
Let q(d) = 2*d**3 + 84*d**2 - 159*d - 726. Calculate q(-43).
2413
Let d(n) = 3036*n + 145842. Give d(-48).
114
Let z(r) = -4*r**3 + 166*r**2 - 247*r + 6529. What is z(41)?
-236
Let o(p) = -p**3 + 176*p**2 - 2410*p - 868. Calculate o(161).
-63
Let c(u) = -163*u**2 - 479*u + 681. Determine c(-4).
-11
Let a(u) = 2503*u + 9050. What is a(-4)?
-962
Let u(q) = 3*q**3 + 555*q**2 + 25687*q + 1739. What is u(-92)?
-9
Let u(c) = -2*c**3 - 542*c**2 + 1115*c + 6014. Determine u(-273).
-265
Let k(i) = i**3 + 48*i**2 + 15*i + 684. Give k(-48).
-36
Let n(q) = -38304*q + 1800172. What is n(47)?
-116
Let w(v) = 1333*v**3 + 8*v**2 - 69*v - 75. Determine w(-1).
-1331
Let o(y) = 97*y + 17040. What is o(-178)?
-226
Let u(x) = x**2 + 3596*x + 1495681. Give u(-480).
1
Let k(d) = 2*d**3 + 17*d**2 - 348*d - 2855. Give k(-8).
-7
Let c(d) = -d**2 + 1073*d + 36965. What is c(-33)?
467
Let c(g) = -g**2 - 86*g - 1616. What is c(-23)?
-167
Let g(p) = p**3 + 97*p**2 + 197*p + 236. Calculate g(-95).
-429
Let o(k) = -107*k**2 - 1915*k + 192. What is o(-18)?
-6
Let m(w) = 693*w + 31930. What is m(-42)?
2824
Let h(r) = -39*r**2 + 5*r + 273. What is h(0)?
273
Let w(c) = 6995*c - 6376. Give w(1).
619
Let g(j) = 8164*j - 106193. Give g(13).
-61
Let d(t) = -t**3 + 151*t**2 + 4155*t - 645724. Give d(150).
26
Let c(z) = -3*z**2 - 6492*z - 25958. Calculate c(-4).
-38
Let t(l) = 3*l**3 + 18*l**2 + 1019*l + 5106. Determine t(-5).
86
Let c(x) = 11*x**2 + 341*x + 701. Give c(-29).
63
Let t(b) = -4634*b - 41462. What is t(-9)?
244
Let t(i) = 3*i**3 - 66*i**2 - 118*i - 109. Calculate t(-5).
-1544
Let c(d) = -6*d**2 + 4372*d - 4372. Give c(1).
-6
Let b(r) = -60*r**2 + 2392*r - 48. What is b(40)?
-368
Let k(l) = 80*l - 2450. Calculate k(33).
190
Let t(h) = -9*h**3 + h**2 - 1588*h + 1585. Calculate t(1).
-11
Let w(r) = -r**3 + 134*r**2 + 777*r + 287. Calculate w(-5).
-123
Let c(q) = -3*q**3 + 27*q**2 + 72543*q - 652895. Determine c(9).
-8
Let s(i) = 4*i**3 - 792*i**2 + 22317*i - 431. Give s(34).
11
Let m(n) = 73801*n - 737789. Determine m(10).
221
Let k(j) = -5*j**3 - 31*j**2 - 28*j + 224. Determine k(-4).
160
Let r(n) = -n**3 - 77*n**2 + 34*n + 2505. What is r(-77)?
-113
Let k(y) = -507*y + 266174. What is k(525)?
-1
Let j(n) = -15*n**2 + 2702*n - 20736. Calculate j(8).
-80
Let t(l) = -3*l**3 + 3514*l**2 + 5897*l - 37549. What is t(1173)?
-13
Let b(m) = -114*m**2 - 495*m + 10. Calculate b(-4).
166
Let h(x) = -4*x**3 - 6*x**2 + 74*x + 12. Determine h(-5).
-8
Let b(y) = 1095*y + 2278. What is b(-3)?
-1007
Let d(g) = -26418*g + 528362. What is d(20)?
2
Let u(q) = -q**3 - 3*q**2 - 96*q + 649. Give u(7).
-513
Let l(a) = 13691*a - 191689. Determine l(14).
-15
Let a(j) = -7657*j + 604878. What is a(79)?
-25
Let v(k) = -30*k**2 - 2453*k + 468. Give v(-82).
-106
Let i(y) = -2*y**2 - 272*y + 2310. What is i(-143)?
308
Let h(o) = 69*o**3 - 7940*o**2 + 601*o - 3013. Calculate h(115).
-23
Let g(h) = -1365*h**2 + 188370*h - 1. Calculate g(138).
-1
Let g(u) = -171395*u + 10797879. What is g(63)?
-6
Let a(m) = -798*m**2 + 70*m + 9. Calculate a(-1).
-859
Let q(z) = -116*z + 5826. Determine q(43).
838
Let w(g) = -g**3 + 63*g**2 + 3693*g - 272. Determine w(-37).
-13
Let y(i) = 3073*i + 451771. Give y(-147).
40
Let s(o) = 4*o**2 + 119*o - 5422. Give s(25).
53
Let d(t) = -t**2 - 261*t - 10153. Calculate d(-47).
-95
Let s(z) = 11*z**2 + 6286*z - 31605. Give s(5).
100
Let b(v) = -5892*v + 147301. What is b(25)?
1
Let l(k) = 8*k**2 + 424*k - 651041. What is l(-313)?
-1
Let w(o) = -356*o + 23101. Give w(65).
-39
Let n(x) = -1743*x + 27253. Give n(15).
1108
Let n(t) = -40*t**2 - 3047*t - 537. Give n(-76).
-5
Let w(u) = -11*u**3 - 12*u**2 + 141*u - 626. Give w(5).
-1596
Let w(f) = -882*f + 10543. What is w(12)?
-41
Let a(h) = -h**3 - 49*h**2 - 272*h - 8357. Give a(-47).
9
Let t(x) = -610*x + 51566. Give t(85).
-284
Let o(r) = 6*r**3 - 301*r**2 + 56*r - 15857. Give o(51).
4
Let w(b) = -11224*b - 79491. Give w(-7).
-923
Let l(d) = d**2 + 3486*d - 52075. What is l(15)?
440
Let b(v) = -182*v + 4955. Determine b(48).
-3781
Let t(d) = 9123*d - 1295462. Calculate t(142).
4
Let f(v) = 22*v**2 + 2473*v + 9905. Calculate f(-4).
365
Let t(d) = 36*d**2 + 205*d + 23. Determine t(-7).
352
Let x(z) = 925*z + 16872. Calculate x(-18).
222
Let x(z) = 2*z**3 + 18*z**2 + 229*z + 929. Give x(-6).
-229
Let d(a) = -19*a**2 + 727*a - 4138. Calculate d(7).
20
Let j(w) = 2*w**2 - 205*w + 794. What is j(100)?
294
Let x(r) = -r**3 - 237*r**2 + 14*r - 53305. Give x(-238).
7
Let p(z) = -79000*z - 1027049. Calculate p(-13).
-49
Let i(k) = -1390*k**2 + 23635*k + 6. Calculate i(17).
91
Let g(b) = 4*b**2 - 899*b - 7710. Give g(233).
-21
Let y(q) = 48798*q - 146431. Give y(3).
-37
Let s(d) = -614354*d + 2457408. What is s(4)?
-8
Let p(a) = -2020*a + 340811. What is p(169)?
-569
Let a(l) = 7*l**2 + 3391*l - 142896. Calculate a(39).
0
Let m(j) = -45*j**2 - 2105*j - 7594. What is m(-4)?
106
Let b(p) = -607*p - 9246. Give b(-19).
2287
Let o(k) = 859*k**3 + 10309*k**2 + 12*k + 13. Give o(-12).
13
Let k(g) = g**3 - 319*g**2 - 1611*g + 21. Calculate k(-5).
-24
Let a(p) = -p**3 + 98*p**2 - 186*p + 8398. What is a(97)?
-235
Let i(q) = q**3 - 144*q**2 - 299*q + 126. Determine i(146).
-896
Let n(r) = 3*r**3 + 4*r**2 + 4*r + 92. Give n(0).
92
Let t(l) = -14*l**2 + 2262*l - 11277. Give t(5).
-317
Let s(x) = 332*x + 28682. What is s(-87)?
-202
Let s(d) = -d**3 - 24*d**2 - 108*d + 576. What is s(-13)?
121
Let m(k) = 4120*k + 342006. Calculate m(-83).
46
Let g(m) = -67*m + 2903. What is g(20)?
1563
Let k(m) = -m**2 - 6*m + 20. What is k(15)?
-295
Let a(n) = n**3 - 296*n**2 + 7259*n + 80. Determine a(27).
-28
Let z(q) = 198*q**2 + 2509*q + 5280. Determine z(-10).
-10
Let v(s) = 6*s**3 - 552*s**2 + 17*s + 620. Determine v(92).
2184
Let x(v) = -4*v**2 - 2896*v + 35292. Determine x(12).
-36
Let r(y) = 33*y**3 - 2937*y**2 + 7*y - 696. What is r(89)?
-73
Let u(n) = n**2 + 6637*n - 99689. Determine u(15).
91
Let g(b) = 11*b**3 - 86*b**2 + 144*b - 2335. What is g(9)?
14
Let m(j) = j**2 - 888*j - 8971. Determine m(-10).
9
Let a(o) = 9*o**3 + 138*o**2 - 25*o + 290. Give a(-16).
-846
Let i(a) = -12*a**2 - 30*a - 141. Calculate i(-9).
-843
Let r(g) = -303748*g - 4252483. Give r(-14).
-11
Let x(p) = 4*p**2 - 57*p + 86. What is x(4)?
-78
Let o(g) = -176896*g - 2299645. Determine o(-13).
3
Let g(b) = -23*b**3 - 234*b**2 - 213*b - 1. Give g(-1).
1
Let h(f) = f**3 + 19*f**2 - 49*f - 559. What is h(-8)?
537
Let i(l) = -2*l**3 - 472*l**2 + 1427*l + 26. What is i(-239)?
1699
Let y(o) = -3238*o - 631415. Det